 + 3. Let w be u(2). Let k be 2 + w/(6/(-9))*-2. Let o = 31 - k. Is o a multiple of 3?
False
Let h(l) = l**3 + 8*l**2 - l + 19289. Does 30 divide h(0)?
False
Let j = 31 - 17. Let r(v) = v**2 - 14*v + 1. Let z be r(j). Does 3 divide ((-26)/(-39))/(z/24)?
False
Let u(p) = 15*p**2 - 6*p - 5. Let q(m) = -m**3 - 15*m**2 + 18*m + 31. Let d be q(-16). Let g be u(d). Let r(y) = 12*y - 56. Is 7 a factor of r(g)?
False
Let d = -2267 - -3460. Let g = d + -456. Does 11 divide g?
True
Let h(y) = -y**3 + 8*y**2 - 4*y - 30. Let l be h(12). Let t = -116 - l. Does 85 divide t?
False
Suppose 6*m = 45 + 15. Suppose -d = -4*p - 5, 5*p - 5*d = -3*d - m. Suppose 20 = -5*c - p*c, -4*l + 3*c = -128. Is 3 a factor of l?
False
Let n(t) be the third derivative of t**4/12 + 5*t**3 + 11*t**2 - 13*t. Let r = -8 - -5. Does 6 divide n(r)?
True
Let v = 122441 - 69381. Is 14 a factor of v?
True
Suppose 0 = 24*h - 28*h + 1424. Let m be h/52 - (-6)/39. Suppose 0 = -m*d - 0*d + 1127. Is 23 a factor of d?
True
Let s(h) = -h**3 - 3*h**2 - h - 1. Let c be (104/182)/(4/(-14)). Let z be s(c). Is 13 a factor of (-254)/z + (-5)/(-15)?
False
Is (-28)/(-6)*3098340/360 - (-8)/6 a multiple of 335?
False
Is 178 a factor of (-1011279)/(-474) - (-10)/4?
True
Suppose -3*s + 6 = 2*p - 5*p, 3*s - 9 = 4*p. Let v = 20 - p. Let q = v + 73. Is 24 a factor of q?
True
Is 12 a factor of (-45)/(45/(-735)*1)?
False
Let t(r) = -46*r + 2. Let c = 75 - 56. Let a = c - 21. Does 12 divide t(a)?
False
Let u = -261 + 464. Let f = -320 + u. Let w = -79 - f. Is w a multiple of 5?
False
Suppose 14*m = 2*m + 195180. Suppose 21*v = m - 4799. Is 21 a factor of v?
True
Let t = 11012 + 16880. Is 11 a factor of t?
False
Let b(r) be the third derivative of r**6/30 - 3*r**5/10 + 3*r**4/4 + 4*r**3/3 - 4*r**2 - 11. Is b(6) a multiple of 27?
False
Let d(b) = 17*b**2 + 14*b - 3. Let h(f) = -4*f**2 + 7*f + 6. Let x be h(-1). Does 16 divide d(x)?
True
Let z(k) = -k**2 + 11*k - 8. Let i be z(8). Let l(u) = -u + 41. Does 2 divide l(i)?
False
Let b(d) be the third derivative of 0*d + 15*d**2 + 0 + 1/12*d**4 + 43/3*d**3. Is b(0) a multiple of 23?
False
Suppose 380 - 1602 = 2*i. Let s = i + 787. Does 13 divide s?
False
Suppose -29*j + 432609 = -118855. Is j a multiple of 118?
False
Let g(k) = k**2 - 2*k + 4. Let a be g(1). Is 9 a factor of 2 - (-3 - (a - -64))?
True
Let r(a) = 14*a - 22. Let b = 296 + -291. Is r(b) a multiple of 24?
True
Let i = -19261 - -92083. Is i a multiple of 32?
False
Let q = 10 - 6. Suppose 11*f - 312 = 89*f. Is q - (664/(-4) + f) a multiple of 21?
False
Let d = 412 - -1964. Does 36 divide d?
True
Is 25 + -35 - (-9492)/(-2 - -5) a multiple of 26?
False
Let y = 858 - 838. Suppose -3*w - 2*f + 3919 = 0, -f - 15 + y = 0. Does 24 divide w?
False
Let h(r) = 44*r + 4. Let n(s) = s - 1. Let m(u) = h(u) + 2*n(u). Let x be m(2). Suppose -x = -6*p + 86. Is p a multiple of 15?
True
Let l = -1166 + 6234. Is l a multiple of 14?
True
Suppose -4*k - 3*z = -843, -3*k + 3*z = -376 - 272. Suppose 3*i - 5*a = 450, 0 = -4*i - 2*a + 387 + k. Is 25 a factor of i?
True
Suppose 0 = -5*j, -5*v - 1060 + 4250 = j. Let m = -960 + v. Let l = -206 - m. Is l a multiple of 8?
False
Let c(o) = -2*o**3 + 9*o**2 + 4*o + 7. Let i be c(5). Let j(d) = 6*d**3 - d + 2. Let v be j(i). Is 8 a factor of 5432/v + (-1)/6?
False
Suppose 0 = -2*r - 620 - 154. Let y = 635 + r. Does 10 divide y?
False
Let k(i) = 13*i - 68. Let l(n) = 5*n - 227. Let t be l(49). Is k(t) a multiple of 83?
True
Let j = -1486 - -1954. Is 12 a factor of j?
True
Let o(u) = 39*u - 19. Let j(p) = -36*p + 18. Let s(h) = 3*j(h) + 4*o(h). Is 13 a factor of s(1)?
True
Let v(o) = o**3 + 8*o**2 + 4*o + 1. Let p be v(-5). Let c = -26 + p. Is 15 a factor of c?
True
Suppose 5*k + p = 13, 2*k + p + 0 - 4 = 0. Let f be k - 4/(-8)*34. Is 14 a factor of (-3 + (-276)/f)*30/(-9)?
True
Suppose -41*c = -46*c. Suppose 362*z - 359*z - 2328 = c. Is 91 a factor of z?
False
Suppose l - 2*l - 1 = 0, 5*q - 7701 = l. Is q a multiple of 42?
False
Let j(u) = -u**3 + 33*u**2 - 31*u - 88. Is j(26) a multiple of 28?
False
Let m(t) be the second derivative of t**8/6720 - t**7/360 + t**6/240 - t**5/20 - 8*t**4/3 + 39*t. Let c(p) be the third derivative of m(p). Does 2 divide c(7)?
False
Suppose 11*p - 8*p - 27 = 0. Let d(r) = -r**3 - 25*r**2 - 3*r + 13. Let m be d(-25). Suppose 0 = p*w - 20 - m. Is 12 a factor of w?
True
Let s(v) = 27*v**2 - 19*v + 7. Let d(l) = 81*l**2 - 56*l + 20. Let i(k) = 6*d(k) - 17*s(k). Let r be i(4). Let f = 551 - r. Is f a multiple of 34?
True
Suppose 7*g - 5*g + 4*w = -102, -175 = 3*g - 5*w. Let b = 14 - g. Is 2 a factor of b?
False
Suppose 8*c - 3*c = -4*q + 37819, q + 5*c = 9436. Is q a multiple of 62?
False
Is 219 a factor of 41182/(2/1) - (3 - 6)?
False
Let c = 11211 + -10671. Is 3 a factor of c?
True
Let c(t) = -4*t + 8. Let r be c(2). Suppose 6*i + 6 = -r. Does 20 divide (11 + i - 5)*(17 + 2)?
False
Let w(d) = -511*d - 1321. Is w(-4) a multiple of 3?
True
Suppose 0 = 2*j - 5*k - 8, -j - 7*k + 4 = -5*k. Suppose j*d + 2*v - 430 = 0, 4*d + 210 = -5*v + 643. Is d a multiple of 24?
False
Let o(g) = g**3 + 4*g**2 + 5*g + 17. Let n(y) = -y**2 + y. Let t(l) = -4*n(l) + o(l). Suppose -2*h = -3*x + 8, h = -0*h + x - 5. Does 9 divide t(h)?
False
Let x = -24 + 29. Suppose x*g = -l + 4*l + 1950, l - 769 = -2*g. Suppose 5*t - h = -2*h + 393, -4*h + g = 5*t. Is t a multiple of 14?
False
Let l = 27 - 21. Suppose -x + 30 = -l*x. Is x/5*(-87 + 10/5) a multiple of 10?
False
Let c(y) = -y**3 + 91*y**2 + 166*y - 296. Does 16 divide c(89)?
True
Let m = -7781 - -3701. Let l = -2244 - m. Is l/85*10/3 a multiple of 18?
True
Let h(s) = 96*s - 294. Let y be h(-42). Does 7 divide y/9*(0 + 6/(-4))?
True
Does 283 divide 21/(-105) + (-588096)/(-80)?
False
Let r = -78 + 129. Let f = 51 - r. Is 0 - f - ((-112)/1 - 1) a multiple of 9?
False
Let n be -3 + 4 - -54 - (1 + 1). Suppose -13*i + 662 + n = 0. Does 11 divide i?
True
Let m = 8161 + -3826. Is m a multiple of 55?
False
Let q be (-2)/((-4)/(-12)*-2). Let x be 1/(2/1548*q). Suppose 0 = -6*k + 144 + x. Is k a multiple of 46?
False
Let n(f) = 6*f + 65*f**2 - 70*f**2 - 14 + 0*f + f**3 + 2*f. Is n(6) a multiple of 2?
True
Let w = 95 + -88. Let f(j) = -13 + 11*j - 5*j + w*j + 13*j. Does 14 divide f(2)?
False
Suppose 0 = -22*p + 17560 - 5174. Let v = 31 + p. Does 8 divide v?
False
Let h be (-4)/(-4) + 28 - -4. Suppose -5*r = f - h, -6*f + 175 = -3*f - 4*r. Suppose -q = -j + 13, -4*q = -5*j - 2*q + f. Is j a multiple of 9?
True
Let x = 34952 + -23023. Does 5 divide x?
False
Let a = -8538 - -14714. Does 28 divide a?
False
Suppose -641*c = -666*c + 57025. Is 6 a factor of c?
False
Suppose 2*i - 36717 = -3*r, -2*i - 17626 = 4*r - 54346. Is i a multiple of 161?
True
Let j be 0*(-1)/3 + (-3 - -5). Let v be 76/342 + (-2576)/18*j. Let f = v - -411. Is 9 a factor of f?
False
Let i = -1523 + 1577. Is 4 a factor of i?
False
Suppose 22*x - 151*x = -1110690. Does 14 divide x?
True
Let r(h) = -h + 6. Suppose 4*f - 47 + 15 = 0. Let t be r(f). Is t + (-4)/(-6) + 318/9 a multiple of 17?
True
Let r = -6742 + 12114. Is r a multiple of 34?
True
Let q = -33 - -40. Suppose -2*r = -q*r + 25. Does 10 divide -8*r/(-200) + 299/5?
True
Let w(o) = o**2 - 12*o + 36. Let l be w(5). Suppose 59 = t - m, 0 = 3*m + l - 13. Is 9 a factor of t?
True
Let j(z) = 9*z**3 - 27*z**2 + 9*z - 10. Let r be j(6). Does 26 divide -31 + 24 + (r - 0)?
False
Suppose -3*y - 3*y + 24 = 0. Let d(g) = 3*g**3 - 3*g**2 + 4*g - 6. Let a be d(y). Suppose -5*w = -5*p + 385, 4*w = 2*p + w - a. Is p a multiple of 7?
True
Let k = -158 + 542. Suppose -45*g = -43*g - k. Does 4 divide g?
True
Suppose -1167*y + 587*y = -579*y - 1701. Does 9 divide y?
True
Let h(b) = -89*b + 6633. Is h(36) a multiple of 27?
True
Suppose -106*i + 5*t - 21112 = -108*i, -10556 = -i - 5*t. Does 28 divide i?
True
Let q(w) = -7*w**2 - 124*w**3 + 123*w**3 + 13 + 5 + 10*w. Let u be q(-8). Does 12 divide (-54 + 42)*u/((-4)/27)?
False
Let j = -657 + 660. Suppose 56 = s - j*k + 23, -41 = -2*s + k. Is s a multiple of 9?
True
Suppose -8*t = -4*t - 3*x - 958, 2*t - 3*x = 482. Let h = t + -113. Is h a multiple of 5?
True
Let p be (-5)/(25/(1 + -6)). Does 24 divide (p - (3 - 169)) + 1?
True
Let i be 95484/7 - 368/644. Suppose 9*k + i = 20*k. Is k a multiple of 1